{"id":9,"date":"2018-05-22T00:48:41","date_gmt":"2018-05-22T00:48:41","guid":{"rendered":"http:\/\/tvxcablepichucalco.com.mx\/?page_id=9"},"modified":"2018-05-24T23:12:24","modified_gmt":"2018-05-24T23:12:24","slug":"legal","status":"publish","type":"page","link":"http:\/\/tvxcablepichucalco.com.mx\/?page_id=9","title":{"rendered":"Aviso de privacidad"},"content":{"rendered":"<p align=\"justify\"><strong>Sistema de Televisi\u00f3n por Cable de Pichucalco, S.A. de C.V.,<\/strong> con domicilio en Calle Ju\u00e1rez N\u00ba 66, Colonia Centro, C.P.29520, Pichucalco, Chiapas. Utilizar\u00e1 sus datos personales aqu\u00ed recabados para:<\/p>\n<ol>\n<li>Realizar contrato\u00a0 de prestaci\u00f3n de servicios<\/li>\n<li>Dara a conocer nuestros servicios<\/li>\n<li>Informar sobre las actividades y eventos<\/li>\n<li>Compartir informaci\u00f3n a trav\u00e9s de nuestros boletines y comunicados<\/li>\n<li>Evaluar la calidad de nuestros servicios<\/li>\n<\/ol>\n<p>Recabamos los datos de forma directa (formato de inscripci\u00f3n).<\/p>\n<p><strong>Datos que recabamos de forma directa:<\/strong><\/p>\n<ol>\n<li>Nombre<\/li>\n<li>Apellido<\/li>\n<li>Correo electr\u00f3nico<\/li>\n<li>Tel\u00e9fono<\/li>\n<li>Direcci\u00f3n<\/li>\n<li>Fecha de nacimiento<\/li>\n<li>CURP o RFC<\/li>\n<\/ol>\n<p align=\"justify\">Despu\u00e9s de que la informaci\u00f3n llega a la base de datos, esta se almacena en un servidor seguro, protegida por un firewall. Telecable de Chiautla, toma las precauciones para la salvaguarda de la informaci\u00f3n que nos proporcione.<\/p>\n<p><strong>\u00bfC\u00f3mo puede limitar el uso o divulgaci\u00f3n de los datos personales?<\/strong><\/p>\n<p align=\"justify\">Dejar de recibir nuestras comunicaciones telef\u00f3nicas o correos electr\u00f3nicos si as\u00ed lo desea. Llamar al 932 323 0882 \u00f3 escribir al correo: cablecorp@prodigy.net.mx<\/p>\n<p align=\"justify\">Para dar de baja de la listas de correos, enviar un correo para solicitar la baja y\/o solicitarlo en la oficina de Sistema de Televisi\u00f3n por Cable de Pichucalco, S.A. de C.V. llenando el formato que para tal efecto se pone a su disposici\u00f3n.<\/p>\n<p>&nbsp;<\/p>\n<p><strong>\u00bfC\u00f3mo cancelar o rectificar datos personales o cancelar u oponerse a su uso?<\/strong><\/p>\n<p align=\"justify\">Para conocer m\u00e1s sobre el tratamiento que damos a los datos personales que recabamos o cualquier petici\u00f3n que nos quiera hacer relacionada con este tema, favor de llenar una solicitud sobre\u00a0 datos personales, que estar\u00e1 a su disposici\u00f3n en la oficina de Sistema de Televisi\u00f3n por Cable de Pichucalco.<\/p>\n<p align=\"justify\">La petici\u00f3n deber\u00e1 de ir acompa\u00f1ada por una copia de la credencial de elector, que podr\u00e1 enviar a <strong>cablecorp@prodigy.net.mx<\/strong> y\/o entregarla de forma personal en la oficina de Ju\u00e1rez N\u00ba 66, Colonia Centro, C.P.29520, Pichucalco, Chiapas.<\/p>\n<p>El plazo para atender la solicitud es de 3 d\u00edas.<\/p>\n<p><strong>\u00bfC\u00f3mo puede revocar el consentimiento para el tratamiento de sus datos?<\/strong><\/p>\n<p align=\"justify\">En todo momento, se puede revocar el consentimiento que se ha otorgado para el tratamiento de los datos personales, a fin de que se deje de hacer uso de los mismos. Para ello, es necesario presentar la solicitud de revocaci\u00f3n de uso de datos personales.<\/p>\n<p>La petici\u00f3n deber\u00e1 de ir acompa\u00f1ada de la siguiente informaci\u00f3n:<\/p>\n<ol>\n<li>Copia de la credencial de elector<\/li>\n<li>Carta de motivos por los cuales deseas revocar el tratamiento de los datos.<\/li>\n<\/ol>\n<p>Podr\u00e1 ser enviada al correo <strong>cablecorp@prodigy.net.mx<\/strong>\u00a0 y\/o entregada de forma personal en la oficina de Ju\u00e1rez N\u00ba 66, Colonia Centro, C.P.29520, Pichucalco, Chiapas.<\/p>\n<p>En un plazo m\u00e1ximo de 3 d\u00edas atendemos la petici\u00f3n e informaremos sobre la procedencia de la misma a trav\u00e9s de un correo electr\u00f3nico o llamada telef\u00f3nica.<\/p>\n<p>Los datos son de uso exclusivo de <strong>Sistema de Televisi\u00f3n por Cable de Pichucalco, S.A. de C.V.<\/strong><\/p>\n<p>Sistema de Televisi\u00f3n por Cable de Pichucalco, S.A. de C.V. garantiza que los datos personales que recabamos de forma directa son de uso exclusivo de Sistema de Televisi\u00f3n por Cable de Pichucalco, S.A. de C.V.<\/p>\n<p><strong>Modificaciones al aviso de privacidad<\/strong><\/p>\n<p align=\"justify\">Sistema de Televisi\u00f3n por Cable de Pichucalco, S.A. de C.V. \u00a0Se reserva el derecho de efectuar en cualquier momento modificaciones o actualizaciones al presente aviso de privacidad, para la atenci\u00f3n de novedades legislativas, pol\u00edticas internas o nuevos\u00a0 requerimientos para la prestaci\u00f3n u ofrecimiento de nuestros servicios. Estas modificaciones estar\u00e1n disponibles al p\u00fablico en la cuenta de cablecorp@prodigy.net.mx o las haremos llegar al \u00faltimo correo electr\u00f3nico proporcionado.<\/p>\n<p><strong>\u00bfAnte qui\u00e9n puede presentar quejas y denuncias por el tratamiento indebido de sus datos personales?<\/strong><\/p>\n<p align=\"justify\">Si considera que el derecho de protecci\u00f3n de datos personales ha sido lesionado por\u00a0 alguna conducta de nuestros colaboradores o de nuestras actuaciones o respuestas, o presumes que en el tratamiento de sus datos personales existe alguna violaci\u00f3n a las disposiciones previstas en la Ley Federal de Protecci\u00f3n de Datos Personales en Posesi\u00f3n de los Particulares, podr\u00e1s interponer la queja o denuncia correspondiente ante el IFAI. Para mayor informaci\u00f3n visite la p\u00e1gina\u00a0 <a href=\"http:\/\/www.ifai.org.mx\/\">www.ifai.org.mx<\/a><\/p>\n<p>&nbsp;<\/p>\n<p>&nbsp;<\/p>\n<p><strong>Ing, Fidel Trejo<\/strong><\/p>\n<p><strong>___________________________<\/strong><\/p>\n<p>Representante Legal<\/p>\n<p><strong>\u00a0<\/strong><\/p>\n<p><strong>\u00a0<\/strong><\/p>\n<p><strong>Contacto: Ing. Fidel Trejo<\/strong><\/p>\n<p><strong>Domicilio:<\/strong> Ju\u00e1rez N\u00ba 66, Colonia Centro, C.P.29520, Pichucalco, Chiapas<\/p>\n<p><strong>Correo: <a href=\"mailto:Cablecorp@prodigy.net.mx\">Cablecorp@prodigy.net.mx<\/a><\/strong><\/p>\n<p><strong>Telefono: 932 323 0882.<\/strong><\/p>\n<p><strong>Celular: 932 110 1600.<\/strong><\/p>\n<p>&nbsp;<\/p>\n<p><a href=\"http:\/\/tvxcablepichucalco.com.mx\/wp-content\/uploads\/2018\/05\/privacidad.pdf\">PARA VER EL DOCUMENTO ORIGINAL Y AUTORIZADO, HAGA CLIC AQUI<\/a><\/p>\n","protected":false},"excerpt":{"rendered":"<p>Sistema de Televisi\u00f3n por Cable de Pichucalco, S.A. de C.V., con domicilio en Calle Ju\u00e1rez N\u00ba 66, Colonia Centro, C.P.29520, Pichucalco, Chiapas. Utilizar\u00e1 sus datos personales aqu\u00ed recabados para: Realizar contrato\u00a0 de prestaci\u00f3n de servicios Dara a conocer nuestros servicios Informar sobre las actividades y eventos Compartir informaci\u00f3n a trav\u00e9s de nuestros boletines y comunicados [&hellip;]<\/p>\n","protected":false},"author":1,"featured_media":0,"parent":0,"menu_order":0,"comment_status":"closed","ping_status":"closed","template":"","meta":[],"_links":{"self":[{"href":"http:\/\/tvxcablepichucalco.com.mx\/index.php?rest_route=\/wp\/v2\/pages\/9"}],"collection":[{"href":"http:\/\/tvxcablepichucalco.com.mx\/index.php?rest_route=\/wp\/v2\/pages"}],"about":[{"href":"http:\/\/tvxcablepichucalco.com.mx\/index.php?rest_route=\/wp\/v2\/types\/page"}],"author":[{"embeddable":true,"href":"http:\/\/tvxcablepichucalco.com.mx\/index.php?rest_route=\/wp\/v2\/users\/1"}],"replies":[{"embeddable":true,"href":"http:\/\/tvxcablepichucalco.com.mx\/index.php?rest_route=%2Fwp%2Fv2%2Fcomments&post=9"}],"version-history":[{"count":12,"href":"http:\/\/tvxcablepichucalco.com.mx\/index.php?rest_route=\/wp\/v2\/pages\/9\/revisions"}],"predecessor-version":[{"id":81,"href":"http:\/\/tvxcablepichucalco.com.mx\/index.php?rest_route=\/wp\/v2\/pages\/9\/revisions\/81"}],"wp:attachment":[{"href":"http:\/\/tvxcablepichucalco.com.mx\/index.php?rest_route=%2Fwp%2Fv2%2Fmedia&parent=9"}],"curies":[{"name":"wp","href":"https:\/\/api.w.org\/{rel}","templated":true}]}}